{"id":3432,"date":"2024-03-18T12:18:16","date_gmt":"2024-03-18T12:18:16","guid":{"rendered":"https:\/\/webquequen.nuevo.unicen.edu.ar\/?page_id=3432"},"modified":"2024-08-07T18:37:37","modified_gmt":"2024-08-07T18:37:37","slug":"normativa","status":"publish","type":"page","link":"https:\/\/www.quequen.unicen.edu.ar\/?page_id=3432","title":{"rendered":"Documentos"},"content":{"rendered":"\n<ul class=\"wp-block-list has-ast-global-color-3-color has-text-color has-link-color wp-elements-9b633d33eb5d7fd03768120b659e4ee5\">\n<li class=\"has-small-font-size\"><strong><a href=\"https:\/\/www.quequen.unicen.edu.ar\/wp-content\/uploads\/2024\/03\/Reglamento-General-de-Concursos-No-Docentes-U.N.C.P.B.A.-Ordenanza-CS-4236.pdf\" data-type=\"link\" data-id=\"https:\/\/webquequen.nuevo.unicen.edu.ar\/wp-content\/uploads\/2024\/03\/Reglamento-General-de-Concursos-No-Docentes-U.N.C.P.B.A.-Ordenanza-CS-4236.pdf\" target=\"_blank\" rel=\"noreferrer noopener\">Ordenanza &nbsp;CS N\u00ba 4236 \u2013 Reglamento General de Concursos para el personal Nodocente de la UNICEN<\/a><\/strong><\/li>\n\n\n\n<li class=\"has-small-font-size\"><strong><a href=\"https:\/\/www.quequen.unicen.edu.ar\/wp-content\/uploads\/2024\/03\/CCT-No-Docentes-Universitarios-Decreto-366.2006.pdf\" data-type=\"link\" data-id=\"https:\/\/webquequen.nuevo.unicen.edu.ar\/wp-content\/uploads\/2024\/03\/CCT-No-Docentes-Universitarios-Decreto-366.2006.pdf\" target=\"_blank\" rel=\"noreferrer noopener\">Convenio Colectivo de Trabajo para el Sector Nodocente de las Universidades Nacionales<\/a><\/strong><\/li>\n\n\n\n<li class=\"has-small-font-size\"><a href=\"https:\/\/www.quequen.unicen.edu.ar\/wp-content\/uploads\/2024\/03\/rescafi217-12.pdf\" data-type=\"link\" data-id=\"https:\/\/www.quequen.unicen.edu.ar\/wp-content\/uploads\/2024\/03\/rescafi217-12.pdf\" target=\"_blank\" rel=\"noreferrer noopener\"><strong>Resoluci\u00f3n CAFI 217\/12 \u2013&nbsp;Reglamento para la designaci\u00f3n de Profesores y Auxiliares Interinos y Suplentes de la Facultad de Ingenier\u00eda<\/strong><\/a><\/li>\n\n\n\n<li class=\"has-small-font-size\"><a href=\"https:\/\/www.quequen.unicen.edu.ar\/wp-content\/uploads\/2024\/03\/estatuto-uncpba.pdf\" data-type=\"link\" data-id=\"https:\/\/www.quequen.unicen.edu.ar\/wp-content\/uploads\/2024\/03\/estatuto-uncpba.pdf\" target=\"_blank\" rel=\"noreferrer noopener\"><strong>Estatuto UNICEN<\/strong><\/a><\/li>\n<\/ul>\n\n\n\n<h4 class=\"wp-block-heading\" style=\"margin-top:var(--wp--preset--spacing--60);margin-bottom:var(--wp--preset--spacing--60)\">Licenciatura en Log\u00edstica Integral<\/h4>\n\n\n\n<ul class=\"wp-block-list has-ast-global-color-3-color has-text-color has-link-color wp-elements-d907f0e876890e28388a020829dd107a\">\n<li class=\"has-small-font-size\"><strong><a href=\"https:\/\/www.quequen.unicen.edu.ar\/wp-content\/uploads\/2024\/08\/UNICEN-Reglamneto-de-Ensenanza-y-Promocion-OCS-N\u00b0-5462-24-y-anexo-aprobacion-2.pdf\">Reglamento de Ense\u00f1anza y Promoci\u00f3n<\/a><\/strong><\/li>\n\n\n\n<li class=\"has-small-font-size\"><strong><a href=\"https:\/\/www.quequen.unicen.edu.ar\/wp-content\/uploads\/2024\/03\/ResCAFI161-10.pdf\" data-type=\"link\" data-id=\"https:\/\/www.quequen.unicen.edu.ar\/wp-content\/uploads\/2024\/03\/ResCAFI161-10.pdf\" target=\"_blank\" rel=\"noreferrer noopener\">Resoluci\u00f3n CAFI 161\/10 \u2013 Contenidos M\u00ednimos por Materia<\/a><\/strong><br><strong><a href=\"http:\/\/www.fio.unicen.edu.ar\/images\/stories\/academica\/normativas\/rescafi227-04cursada.pdf\" target=\"_blank\" rel=\"noreferrer noopener\">Cursadas<\/a><\/strong><\/li>\n\n\n\n<li class=\"has-small-font-size\"><strong>Cursadas intensivas<\/strong>\n<ul class=\"wp-block-list\">\n<li><strong><a href=\"https:\/\/www.quequen.unicen.edu.ar\/wp-content\/uploads\/2024\/03\/rescafi071-01intensivas.pdf\" data-type=\"link\" data-id=\"https:\/\/www.quequen.unicen.edu.ar\/wp-content\/uploads\/2024\/03\/rescafi071-01intensivas.pdf\" target=\"_blank\" rel=\"noreferrer noopener\">Resoluci\u00f3n CAFI 071\/01<\/a><\/strong><\/li>\n\n\n\n<li><strong><a href=\"http:\/\/www.fio.unicen.edu.ar\/images\/stories\/academica\/normativas\/rescafi225-05.pdf\" target=\"_blank\" rel=\"noreferrer noopener\">Resolu<\/a><a href=\"https:\/\/www.quequen.unicen.edu.ar\/wp-content\/uploads\/2024\/03\/rescafi225-05.pdf\" data-type=\"link\" data-id=\"https:\/\/www.quequen.unicen.edu.ar\/wp-content\/uploads\/2024\/03\/rescafi225-05.pdf\" target=\"_blank\" rel=\"noreferrer noopener\">ci\u00f3n CAFI 225\/05<\/a><\/strong><\/li>\n<\/ul>\n<\/li>\n\n\n\n<li class=\"has-small-font-size\"><a href=\"https:\/\/quequen.unicen.edu.ar\/wp-content\/uploads\/2024\/03\/rescafi228-04promocion.pdf\" data-type=\"link\" data-id=\"https:\/\/webquequen.nuevo.unicen.edu.ar\/wp-content\/uploads\/2024\/03\/rescafi228-04promocion.pdf\" target=\"_blank\" rel=\"noreferrer noopener\"><strong>Promoci\u00f3n sin examen final<\/strong><\/a><\/li>\n\n\n\n<li class=\"has-small-font-size\"><strong><a href=\"https:\/\/www.quequen.unicen.edu.ar\/wp-content\/uploads\/2024\/03\/ResCAFI001-19-Normativa-TF.pdf\" data-type=\"link\" data-id=\"https:\/\/www.quequen.unicen.edu.ar\/wp-content\/uploads\/2024\/03\/ResCAFI001-19-Normativa-TF.pdf\" target=\"_blank\" rel=\"noreferrer noopener\">Normativa de Tesis y Trabajo Final<\/a><\/strong><\/li>\n<\/ul>\n\n\n\n<h4 class=\"wp-block-heading\">Protocolos de Actuaci\u00f3n<\/h4>\n\n\n\n<ul class=\"wp-block-list has-ast-global-color-3-color has-text-color has-link-color wp-elements-a73458b08c439d64f1855fefeb7efead\">\n<li class=\"has-small-font-size\"><strong><a href=\"https:\/\/www.quequen.unicen.edu.ar\/wp-content\/uploads\/2024\/03\/ANEXOOS458916.pdf\" data-type=\"link\" data-id=\"https:\/\/www.quequen.unicen.edu.ar\/wp-content\/uploads\/2024\/03\/ANEXOOS458916.pdf\" target=\"_blank\" rel=\"noreferrer noopener\">Protocolo de actuaci\u00f3n frente a situaciones de violencia de g\u00e9nero y discriminaci\u00f3n por cuestiones de g\u00e9nero<\/a>&nbsp;aprobado por&nbsp;<a href=\"https:\/\/webquequen.nuevo.unicen.edu.ar\/wp-content\/uploads\/2024\/03\/OS458916.pdf\" data-type=\"link\" data-id=\"https:\/\/webquequen.nuevo.unicen.edu.ar\/wp-content\/uploads\/2024\/03\/OS458916.pdf\">Resoluci\u00f3n del Consejo Superior N\u00ba 4589\/16<\/a><\/strong><\/li>\n<\/ul>\n\n\n\n<ul class=\"wp-block-list\">\n<li><\/li>\n<\/ul>\n\n\n\n<h4 class=\"wp-block-heading\">Personal de la UNICEN<\/h4>\n\n\n\n<p class=\"has-small-font-size\">El Departamento de Seguridad e Higiene de la Universidad Nacional del Centro de la Provincia de Buenos Aires informa acerca de Manuales para el\/la Trabajador\/a de esta Casa de Estudios.<\/p>\n\n\n\n<ul class=\"wp-block-list has-ast-global-color-3-color has-text-color has-link-color wp-elements-f0b462b7999aa4984545a4975b53d61b\">\n<li class=\"has-small-font-size\"><a href=\"https:\/\/www.quequen.unicen.edu.ar\/wp-content\/uploads\/2024\/03\/Manual-de-Seguridad-y-Salud-Ocupacional-UNICEN_0.pdf\" data-type=\"link\" data-id=\"https:\/\/www.quequen.unicen.edu.ar\/wp-content\/uploads\/2024\/03\/Manual-de-Seguridad-y-Salud-Ocupacional-UNICEN_0.pdf\" target=\"_blank\" rel=\"noreferrer noopener\"><strong>Manual de Seguridad y Salud Ocupacional<\/strong><\/a><\/li>\n\n\n\n<li class=\"has-small-font-size\"><a href=\"https:\/\/www.quequen.unicen.edu.ar\/wp-content\/uploads\/2024\/03\/PAUSAS-ACTIVAS-1.pdf\" data-type=\"link\" data-id=\"https:\/\/www.quequen.unicen.edu.ar\/wp-content\/uploads\/2024\/03\/PAUSAS-ACTIVAS-1.pdf\" target=\"_blank\" rel=\"noreferrer noopener\"><strong>Pausas Activas<\/strong><\/a><\/li>\n<\/ul>\n\n\n\n<h2 class=\"wp-block-heading has-medium-font-size\">Resoluciones<\/h2>\n\n\n\n<p class=\"has-ast-global-color-3-color has-text-color has-link-color has-small-font-size wp-elements-5945a4c4f20d909545735460c737ad3d\" style=\"margin-top:0;margin-right:0;margin-bottom:0;margin-left:0\"><strong><a href=\"https:\/\/www.fio.unicen.edu.ar\/digesto\/busqueda.avanzada.php\" data-type=\"link\" data-id=\"https:\/\/www.fio.unicen.edu.ar\/digesto\/busqueda.avanzada.php\" target=\"_blank\" rel=\"noreferrer noopener\">Acceso a Repositorio de Resolucione<\/a>s (FIO)<\/strong><\/p>\n","protected":false},"excerpt":{"rendered":"<p>Licenciatura en Log\u00edstica Integral Protocolos de Actuaci\u00f3n Personal de la UNICEN El Departamento de Seguridad e Higiene de la Universidad Nacional del Centro de la Provincia de Buenos Aires informa acerca de Manuales para el\/la Trabajador\/a de esta Casa de Estudios. Resoluciones Acceso a Repositorio de Resoluciones (FIO)<\/p>\n","protected":false},"author":1,"featured_media":0,"parent":0,"menu_order":0,"comment_status":"closed","ping_status":"closed","template":"","meta":{"_uag_custom_page_level_css":"","site-sidebar-layout":"default","site-content-layout":"default","ast-global-header-display":"","ast-banner-title-visibility":"","ast-main-header-display":"","ast-hfb-above-header-display":"","ast-hfb-below-header-display":"","ast-hfb-mobile-header-display":"","site-post-title":"","ast-breadcrumbs-content":"","ast-featured-img":"","footer-sml-layout":"","theme-transparent-header-meta":"","adv-header-id-meta":"","stick-header-meta":"","header-above-stick-meta":"","header-main-stick-meta":"","header-below-stick-meta":"","footnotes":""},"class_list":["post-3432","page","type-page","status-publish","hentry"],"uagb_featured_image_src":{"full":false,"thumbnail":false,"medium":false,"medium_large":false,"large":false,"news_plugin_small":false,"1536x1536":false,"2048x2048":false},"uagb_author_info":{"display_name":"admin","author_link":"https:\/\/www.quequen.unicen.edu.ar\/?author=1"},"uagb_comment_info":0,"uagb_excerpt":"Licenciatura en Log\u00edstica Integral Protocolos de Actuaci\u00f3n Personal de la UNICEN El Departamento de Seguridad e Higiene de la Universidad Nacional del Centro de la Provincia de Buenos Aires informa acerca de Manuales para el\/la Trabajador\/a de esta Casa de Estudios. Resoluciones Acceso a Repositorio de Resoluciones (FIO)","_links":{"self":[{"href":"https:\/\/www.quequen.unicen.edu.ar\/index.php?rest_route=\/wp\/v2\/pages\/3432","targetHints":{"allow":["GET"]}}],"collection":[{"href":"https:\/\/www.quequen.unicen.edu.ar\/index.php?rest_route=\/wp\/v2\/pages"}],"about":[{"href":"https:\/\/www.quequen.unicen.edu.ar\/index.php?rest_route=\/wp\/v2\/types\/page"}],"author":[{"embeddable":true,"href":"https:\/\/www.quequen.unicen.edu.ar\/index.php?rest_route=\/wp\/v2\/users\/1"}],"replies":[{"embeddable":true,"href":"https:\/\/www.quequen.unicen.edu.ar\/index.php?rest_route=%2Fwp%2Fv2%2Fcomments&post=3432"}],"version-history":[{"count":15,"href":"https:\/\/www.quequen.unicen.edu.ar\/index.php?rest_route=\/wp\/v2\/pages\/3432\/revisions"}],"predecessor-version":[{"id":4067,"href":"https:\/\/www.quequen.unicen.edu.ar\/index.php?rest_route=\/wp\/v2\/pages\/3432\/revisions\/4067"}],"wp:attachment":[{"href":"https:\/\/www.quequen.unicen.edu.ar\/index.php?rest_route=%2Fwp%2Fv2%2Fmedia&parent=3432"}],"curies":[{"name":"wp","href":"https:\/\/api.w.org\/{rel}","templated":true}]}}