{"id":3529,"date":"2024-04-09T13:35:09","date_gmt":"2024-04-09T13:35:09","guid":{"rendered":"https:\/\/webquequen.nuevo.unicen.edu.ar\/?page_id=3529"},"modified":"2024-07-08T22:37:30","modified_gmt":"2024-07-08T22:37:30","slug":"modelo-del-transporte-de-cargas-en-el-puerto-de-quequen","status":"publish","type":"page","link":"https:\/\/www.quequen.unicen.edu.ar\/?page_id=3529","title":{"rendered":"Modelo del transporte de cargas en el puerto de Quequ\u00e9n"},"content":{"rendered":"\n<h5 class=\"wp-block-heading\">Herramienta de Diagn\u00f3stico y Simulaci\u00f3n del Sistema de Transporte: efecto de aplicaci\u00f3n de proyectos de infraestructura y pol\u00edticas de transporte<\/h5>\n\n\n\n<p>Durante el a\u00f1o lectivo 2016, y bajo la \u00f3rbita de la c\u00e1tedra de Planificaci\u00f3n del Transporte, de la carrera de\u00a0<a href=\"https:\/\/www.quequen.unicen.edu.ar\/?page_id=3070\" data-type=\"link\" data-id=\"https:\/\/quequen.unicen.edu.ar\/?page_id=3070\">Lic. en Log\u00edstica Integral<\/a>, se desarroll\u00f3 un trabajo de investigaci\u00f3n y aplicaci\u00f3n que tuvo como objetivo poner en pr\u00e1ctica los conocimientos adquiridos en la materia en una problem\u00e1tica de transporte cotidiana en nuestra comunidad.<\/p>\n\n\n\n<p>El crecimiento de la producci\u00f3n agropecuaria en los \u00faltimos 10 a\u00f1os ha sido exponencial, debido fundamentalmente al cambio tecnol\u00f3gico, uso de biotecnolog\u00eda y cambios en los m\u00e9todos de labranza. En consecuencia, por su perfil la ciudad de Quequ\u00e9n ha venido atravesando una importante problem\u00e1tica en materia de ordenamiento del tr\u00e1nsito y del transporte vehicular de cargas, originado fundamentalmente, por la falta de planificaci\u00f3n de la relaci\u00f3n entre el puerto, las actividades productivas y la ciudad, ya que mucha de la oferta de infraestructura vial comenz\u00f3 a compartirse con demandas de diverso origen: residencial, tur\u00edstico, portuario entre los m\u00e1s importantes. Concluyendo en un estado actual de demanda de infraestructura vial insatisfecha.<\/p>\n\n\n\n<p class=\"wp-embed-aspect-16-9 wp-has-aspect-ratio\">El proyecto, se implement\u00f3 simulando ser parte de una Empresa de Consultor\u00eda en Log\u00edstica y Transporte, en la cual exist\u00edan algunos cargos jer\u00e1rquicos -ocupados por alumnos de a\u00f1os superiores- y los cargos meramente operativos -ocupados por los alumnos-, todo coordinado finalmente por la C\u00e1tedra.<br>El trabajo se desarroll\u00f3 con un alto grado de profesionalismo, el cual fue comprobado por el marcado inter\u00e9s que expresaron muchos actores de nuestra ciudad.<\/p>\n\n\n\n<p><a href=\"https:\/\/www.quequen.unicen.edu.ar\/wp-content\/uploads\/2024\/04\/Resumen-modelizacion-del-transporte-de-cargas-en-Quequen.pdf\" data-type=\"link\" data-id=\"https:\/\/quequen.unicen.edu.ar\/wp-content\/uploads\/2024\/04\/Resumen-modelizacion-del-transporte-de-cargas-en-Quequen.pdf\"><strong>DESCARGAR RESUMEN DEL PROYECTO<\/strong><\/a><\/p>\n\n\n\n<p>En el siguiente video&nbsp;&nbsp;puede verse una simulaci\u00f3n de la propuesta de mejora del ordenamiento vehicular.<\/p>\n\n\n\n<div class=\"wp-block-columns is-layout-flex wp-container-core-columns-is-layout-28f84493 wp-block-columns-is-layout-flex\">\n<div class=\"wp-block-column is-layout-flow wp-block-column-is-layout-flow\" style=\"flex-basis:90%\">\n<figure style=\"margin-top:0;margin-right:30px;margin-bottom:0;margin-left:30px\" class=\"wp-block-video\"><video controls src=\"https:\/\/quequen.unicen.edu.ar\/wp-content\/uploads\/2024\/04\/Simulacion-del-transporte-de-cargas-desde-y-hacia-el-puerto-de-Quequen.mp4\"><\/video><\/figure>\n<\/div>\n<\/div>\n","protected":false},"excerpt":{"rendered":"<p>Herramienta de Diagn\u00f3stico y Simulaci\u00f3n del Sistema de Transporte: efecto de aplicaci\u00f3n de proyectos de infraestructura y pol\u00edticas de transporte Durante el a\u00f1o lectivo 2016, y bajo la \u00f3rbita de la c\u00e1tedra de Planificaci\u00f3n del Transporte, de la carrera de\u00a0Lic. en Log\u00edstica Integral, se desarroll\u00f3 un trabajo de investigaci\u00f3n y aplicaci\u00f3n que tuvo como objetivo &hellip;<\/p>\n<p class=\"read-more\"> <a class=\"\" href=\"https:\/\/www.quequen.unicen.edu.ar\/?page_id=3529\"> <span class=\"screen-reader-text\">Modelo del transporte de cargas en el puerto de Quequ\u00e9n<\/span> Leer m\u00e1s &raquo;<\/a><\/p>\n","protected":false},"author":1,"featured_media":0,"parent":0,"menu_order":0,"comment_status":"closed","ping_status":"closed","template":"","meta":{"_uag_custom_page_level_css":"","site-sidebar-layout":"default","site-content-layout":"default","ast-global-header-display":"","ast-banner-title-visibility":"","ast-main-header-display":"","ast-hfb-above-header-display":"","ast-hfb-below-header-display":"","ast-hfb-mobile-header-display":"","site-post-title":"","ast-breadcrumbs-content":"","ast-featured-img":"","footer-sml-layout":"","theme-transparent-header-meta":"","adv-header-id-meta":"","stick-header-meta":"","header-above-stick-meta":"","header-main-stick-meta":"","header-below-stick-meta":"","footnotes":""},"class_list":["post-3529","page","type-page","status-publish","hentry"],"uagb_featured_image_src":{"full":false,"thumbnail":false,"medium":false,"medium_large":false,"large":false,"news_plugin_small":false,"1536x1536":false,"2048x2048":false},"uagb_author_info":{"display_name":"admin","author_link":"https:\/\/www.quequen.unicen.edu.ar\/?author=1"},"uagb_comment_info":0,"uagb_excerpt":"Herramienta de Diagn\u00f3stico y Simulaci\u00f3n del Sistema de Transporte: efecto de aplicaci\u00f3n de proyectos de infraestructura y pol\u00edticas de transporte Durante el a\u00f1o lectivo 2016, y bajo la \u00f3rbita de la c\u00e1tedra de Planificaci\u00f3n del Transporte, de la carrera de\u00a0Lic. en Log\u00edstica Integral, se desarroll\u00f3 un trabajo de investigaci\u00f3n y aplicaci\u00f3n que tuvo como objetivo&hellip;","_links":{"self":[{"href":"https:\/\/www.quequen.unicen.edu.ar\/index.php?rest_route=\/wp\/v2\/pages\/3529","targetHints":{"allow":["GET"]}}],"collection":[{"href":"https:\/\/www.quequen.unicen.edu.ar\/index.php?rest_route=\/wp\/v2\/pages"}],"about":[{"href":"https:\/\/www.quequen.unicen.edu.ar\/index.php?rest_route=\/wp\/v2\/types\/page"}],"author":[{"embeddable":true,"href":"https:\/\/www.quequen.unicen.edu.ar\/index.php?rest_route=\/wp\/v2\/users\/1"}],"replies":[{"embeddable":true,"href":"https:\/\/www.quequen.unicen.edu.ar\/index.php?rest_route=%2Fwp%2Fv2%2Fcomments&post=3529"}],"version-history":[{"count":6,"href":"https:\/\/www.quequen.unicen.edu.ar\/index.php?rest_route=\/wp\/v2\/pages\/3529\/revisions"}],"predecessor-version":[{"id":3970,"href":"https:\/\/www.quequen.unicen.edu.ar\/index.php?rest_route=\/wp\/v2\/pages\/3529\/revisions\/3970"}],"wp:attachment":[{"href":"https:\/\/www.quequen.unicen.edu.ar\/index.php?rest_route=%2Fwp%2Fv2%2Fmedia&parent=3529"}],"curies":[{"name":"wp","href":"https:\/\/api.w.org\/{rel}","templated":true}]}}

Modelo del transporte de cargas en el puerto de Quequén

<h5 class="wp-block-heading">Herramienta de Diagnóstico y Simulación del Sistema de Transporte: efecto de aplicación de proyectos de infraestructura y políticas de transporte</h5>



<p>Durante el año lectivo 2016, y bajo la órbita de la cátedra de Planificación del Transporte, de la carrera de <a href="https://www.quequen.unicen.edu.ar/?page_id=3070" data-type="link" data-id="https://quequen.unicen.edu.ar/?page_id=3070">Lic. en Logística Integral</a>, se desarrolló un trabajo de investigación y aplicación que tuvo como objetivo poner en práctica los conocimientos adquiridos en la materia en una problemática de transporte cotidiana en nuestra comunidad.</p>



<p>El crecimiento de la producción agropecuaria en los últimos 10 años ha sido exponencial, debido fundamentalmente al cambio tecnológico, uso de biotecnología y cambios en los métodos de labranza. En consecuencia, por su perfil la ciudad de Quequén ha venido atravesando una importante problemática en materia de ordenamiento del tránsito y del transporte vehicular de cargas, originado fundamentalmente, por la falta de planificación de la relación entre el puerto, las actividades productivas y la ciudad, ya que mucha de la oferta de infraestructura vial comenzó a compartirse con demandas de diverso origen: residencial, turístico, portuario entre los más importantes. Concluyendo en un estado actual de demanda de infraestructura vial insatisfecha.</p>



<p class="wp-embed-aspect-16-9 wp-has-aspect-ratio">El proyecto, se implementó simulando ser parte de una Empresa de Consultoría en Logística y Transporte, en la cual existían algunos cargos jerárquicos -ocupados por alumnos de años superiores- y los cargos meramente operativos -ocupados por los alumnos-, todo coordinado finalmente por la Cátedra.<br>El trabajo se desarrolló con un alto grado de profesionalismo, el cual fue comprobado por el marcado interés que expresaron muchos actores de nuestra ciudad.</p>



<p><a href="https://www.quequen.unicen.edu.ar/wp-content/uploads/2024/04/Resumen-modelizacion-del-transporte-de-cargas-en-Quequen.pdf" data-type="link" data-id="https://quequen.unicen.edu.ar/wp-content/uploads/2024/04/Resumen-modelizacion-del-transporte-de-cargas-en-Quequen.pdf"><strong>DESCARGAR RESUMEN DEL PROYECTO</strong></a></p>



<p>En el siguiente video&nbsp;&nbsp;puede verse una simulación de la propuesta de mejora del ordenamiento vehicular.</p>



<div class="wp-block-columns is-layout-flex wp-container-core-columns-is-layout-28f84493 wp-block-columns-is-layout-flex">
<div class="wp-block-column is-layout-flow wp-block-column-is-layout-flow" style="flex-basis:90%">
<figure style="margin-top:0;margin-right:30px;margin-bottom:0;margin-left:30px" class="wp-block-video"><video controls src="https://quequen.unicen.edu.ar/wp-content/uploads/2024/04/Simulacion-del-transporte-de-cargas-desde-y-hacia-el-puerto-de-Quequen.mp4"></video></figure>
</div>
</div>

<p>Herramienta de Diagnóstico y Simulación del Sistema de Transporte: efecto de aplicación de proyectos de infraestructura y políticas de transporte Durante el año lectivo 2016, y bajo la órbita de la cátedra de Planificación del Transporte, de la carrera de Lic. en Logística Integral, se desarrolló un trabajo de investigación y aplicación que tuvo como objetivo &hellip;</p>
<p class="read-more"> <a class="" href="https://www.quequen.unicen.edu.ar/?page_id=3529"> <span class="screen-reader-text">Modelo del transporte de cargas en el puerto de Quequén</span> Leer más &raquo;</a></p>

Herramienta de Diagnóstico y Simulación del Sistema de Transporte: efecto de aplicación de proyectos de infraestructura y políticas de transporte Durante el año lectivo 2016, y bajo la órbita de la cátedra de Planificación del Transporte, de la carrera de Lic. en Logística Integral, se desarrolló un trabajo de investigación y aplicación que tuvo como objetivo&hellip;
