{"id":3536,"date":"2024-04-09T13:36:03","date_gmt":"2024-04-09T13:36:03","guid":{"rendered":"https:\/\/webquequen.nuevo.unicen.edu.ar\/?page_id=3536"},"modified":"2024-07-08T22:19:35","modified_gmt":"2024-07-08T22:19:35","slug":"vivero-escolar-comunitario-mejora-de-los-procesos-logisticos","status":"publish","type":"page","link":"https:\/\/www.quequen.unicen.edu.ar\/?page_id=3536","title":{"rendered":"Vivero Escolar Comunitario. Mejora de los procesos log\u00edsticos"},"content":{"rendered":"\n<p>El presente proyecto fue realizado por estudiantes y docentes de la sede en Quequ\u00e9n de la UNICEN, junto a participantes del \u201cVivero Escolar Comunitario\u201d de la localidad de Claraz (partido de Necochea- provincia de Buenos Aires), de la Escuela Educativa Secundaria N\u00ba 12.<\/p>\n\n\n\n<p>En la E.E.S N\u00ba12 funciona un vivero donde se cultivan, germinan y maduran todo tipo de plantas. Se trata de un vivero comunitario debido a que se encuentra en la localidad de Claraz, relacion\u00e1ndose con la misma y con los habitantes de dicha zona.<\/p>\n\n\n\n<p>La finalidad de la actividad de extensi\u00f3n es aportar los conocimientos que se construyen en las c\u00e1tedras de Econom\u00eda de las Empresas y Econom\u00eda del transporte y costos log\u00edsticos de la carrera Licenciatura en Log\u00edstica, para que el vivero siga en funcionamiento sum\u00e1ndole eficiencia al mismo, mejorando los procesos relacionados a la log\u00edstica. Se considera la creaci\u00f3n de un layout, un ABC y un MRP como herramientas significativas para el logro de este prop\u00f3sito.<br>Asimismo se intenta colaborar en la difusi\u00f3n del programa de huerta en todo el distrito de Necochea a fin de que se conozca la iniciativa llevada a cabo por la Escuela Educativa Secundaria N\u00b012 de Claraz de gran relevancia para la comunidad local.<\/p>\n\n\n\n<p><strong><a href=\"https:\/\/www.quequen.unicen.edu.ar\/wp-content\/uploads\/2024\/04\/vivero-escolar-2018.pdf\" data-type=\"link\" data-id=\"https:\/\/quequen.unicen.edu.ar\/wp-content\/uploads\/2024\/04\/vivero-escolar-2018.pdf\">Descargar proyecto \u00abVivero Escolar Comunitario. Mejora de los procesos log\u00edsticos\u00bb<\/a><\/strong><\/p>\n","protected":false},"excerpt":{"rendered":"<p>El presente proyecto fue realizado por estudiantes y docentes de la sede en Quequ\u00e9n de la UNICEN, junto a participantes del \u201cVivero Escolar Comunitario\u201d de la localidad de Claraz (partido de Necochea- provincia de Buenos Aires), de la Escuela Educativa Secundaria N\u00ba 12. En la E.E.S N\u00ba12 funciona un vivero donde se cultivan, germinan y &hellip;<\/p>\n<p class=\"read-more\"> <a class=\"\" href=\"https:\/\/www.quequen.unicen.edu.ar\/?page_id=3536\"> <span class=\"screen-reader-text\">Vivero Escolar Comunitario. Mejora de los procesos log\u00edsticos<\/span> Leer m\u00e1s &raquo;<\/a><\/p>\n","protected":false},"author":1,"featured_media":0,"parent":0,"menu_order":0,"comment_status":"closed","ping_status":"closed","template":"","meta":{"_uag_custom_page_level_css":"","site-sidebar-layout":"default","site-content-layout":"default","ast-global-header-display":"","ast-banner-title-visibility":"","ast-main-header-display":"","ast-hfb-above-header-display":"","ast-hfb-below-header-display":"","ast-hfb-mobile-header-display":"","site-post-title":"","ast-breadcrumbs-content":"","ast-featured-img":"","footer-sml-layout":"","theme-transparent-header-meta":"","adv-header-id-meta":"","stick-header-meta":"","header-above-stick-meta":"","header-main-stick-meta":"","header-below-stick-meta":"","footnotes":""},"class_list":["post-3536","page","type-page","status-publish","hentry"],"uagb_featured_image_src":{"full":false,"thumbnail":false,"medium":false,"medium_large":false,"large":false,"news_plugin_small":false,"1536x1536":false,"2048x2048":false},"uagb_author_info":{"display_name":"admin","author_link":"https:\/\/www.quequen.unicen.edu.ar\/?author=1"},"uagb_comment_info":0,"uagb_excerpt":"El presente proyecto fue realizado por estudiantes y docentes de la sede en Quequ\u00e9n de la UNICEN, junto a participantes del \u201cVivero Escolar Comunitario\u201d de la localidad de Claraz (partido de Necochea- provincia de Buenos Aires), de la Escuela Educativa Secundaria N\u00ba 12. En la E.E.S N\u00ba12 funciona un vivero donde se cultivan, germinan y&hellip;","_links":{"self":[{"href":"https:\/\/www.quequen.unicen.edu.ar\/index.php?rest_route=\/wp\/v2\/pages\/3536","targetHints":{"allow":["GET"]}}],"collection":[{"href":"https:\/\/www.quequen.unicen.edu.ar\/index.php?rest_route=\/wp\/v2\/pages"}],"about":[{"href":"https:\/\/www.quequen.unicen.edu.ar\/index.php?rest_route=\/wp\/v2\/types\/page"}],"author":[{"embeddable":true,"href":"https:\/\/www.quequen.unicen.edu.ar\/index.php?rest_route=\/wp\/v2\/users\/1"}],"replies":[{"embeddable":true,"href":"https:\/\/www.quequen.unicen.edu.ar\/index.php?rest_route=%2Fwp%2Fv2%2Fcomments&post=3536"}],"version-history":[{"count":3,"href":"https:\/\/www.quequen.unicen.edu.ar\/index.php?rest_route=\/wp\/v2\/pages\/3536\/revisions"}],"predecessor-version":[{"id":3952,"href":"https:\/\/www.quequen.unicen.edu.ar\/index.php?rest_route=\/wp\/v2\/pages\/3536\/revisions\/3952"}],"wp:attachment":[{"href":"https:\/\/www.quequen.unicen.edu.ar\/index.php?rest_route=%2Fwp%2Fv2%2Fmedia&parent=3536"}],"curies":[{"name":"wp","href":"https:\/\/api.w.org\/{rel}","templated":true}]}}

Vivero Escolar Comunitario. Mejora de los procesos logísticos

<p>El presente proyecto fue realizado por estudiantes y docentes de la sede en Quequén de la UNICEN, junto a participantes del “Vivero Escolar Comunitario” de la localidad de Claraz (partido de Necochea- provincia de Buenos Aires), de la Escuela Educativa Secundaria Nº 12.</p>



<p>En la E.E.S Nº12 funciona un vivero donde se cultivan, germinan y maduran todo tipo de plantas. Se trata de un vivero comunitario debido a que se encuentra en la localidad de Claraz, relacionándose con la misma y con los habitantes de dicha zona.</p>



<p>La finalidad de la actividad de extensión es aportar los conocimientos que se construyen en las cátedras de Economía de las Empresas y Economía del transporte y costos logísticos de la carrera Licenciatura en Logística, para que el vivero siga en funcionamiento sumándole eficiencia al mismo, mejorando los procesos relacionados a la logística. Se considera la creación de un layout, un ABC y un MRP como herramientas significativas para el logro de este propósito.<br>Asimismo se intenta colaborar en la difusión del programa de huerta en todo el distrito de Necochea a fin de que se conozca la iniciativa llevada a cabo por la Escuela Educativa Secundaria N°12 de Claraz de gran relevancia para la comunidad local.</p>



<p><strong><a href="https://www.quequen.unicen.edu.ar/wp-content/uploads/2024/04/vivero-escolar-2018.pdf" data-type="link" data-id="https://quequen.unicen.edu.ar/wp-content/uploads/2024/04/vivero-escolar-2018.pdf">Descargar proyecto «Vivero Escolar Comunitario. Mejora de los procesos logísticos»</a></strong></p>

<p>El presente proyecto fue realizado por estudiantes y docentes de la sede en Quequén de la UNICEN, junto a participantes del “Vivero Escolar Comunitario” de la localidad de Claraz (partido de Necochea- provincia de Buenos Aires), de la Escuela Educativa Secundaria Nº 12. En la E.E.S Nº12 funciona un vivero donde se cultivan, germinan y &hellip;</p>
<p class="read-more"> <a class="" href="https://www.quequen.unicen.edu.ar/?page_id=3536"> <span class="screen-reader-text">Vivero Escolar Comunitario. Mejora de los procesos logísticos</span> Leer más &raquo;</a></p>

El presente proyecto fue realizado por estudiantes y docentes de la sede en Quequén de la UNICEN, junto a participantes del “Vivero Escolar Comunitario” de la localidad de Claraz (partido de Necochea- provincia de Buenos Aires), de la Escuela Educativa Secundaria Nº 12. En la E.E.S Nº12 funciona un vivero donde se cultivan, germinan y&hellip;
